{"id":1139,"date":"2016-09-30T23:03:42","date_gmt":"2016-09-30T23:03:42","guid":{"rendered":"http:\/\/rycenergy.com\/?page_id=1139"},"modified":"2017-03-02T19:47:51","modified_gmt":"2017-03-02T19:47:51","slug":"gabinetes-contra-incendios","status":"publish","type":"page","link":"https:\/\/rycenergy.com\/?page_id=1139","title":{"rendered":"Gabinetes contra Incendios"},"content":{"rendered":"<p><a href=\"http:\/\/rycenergy.com\/wp-content\/uploads\/2016\/09\/gabinete.gif\"><img loading=\"lazy\" decoding=\"async\" class=\"size-medium wp-image-1292 aligncenter\" src=\"http:\/\/rycenergy.com\/wp-content\/uploads\/2016\/09\/gabinete-227x300.gif\" alt=\"\" width=\"227\" height=\"300\" srcset=\"https:\/\/rycenergy.com\/wp-content\/uploads\/2016\/09\/gabinete-227x300.gif 227w, https:\/\/rycenergy.com\/wp-content\/uploads\/2016\/09\/gabinete-768x1015.gif 768w, https:\/\/rycenergy.com\/wp-content\/uploads\/2016\/09\/gabinete-775x1024.gif 775w\" sizes=\"auto, (max-width: 227px) 100vw, 227px\" \/><\/a><\/p>\n<h5><span style=\"font-family: arial,helvetica,sans-serif;\">Los gabinetes contra incendio son cajones fabricados en l\u00e1mina, con cerradura y llave, con una o dos v\u00e1lvulas de salida. Es un equipo para controlar un incendio, adosado a la pared y conectado a la red de agua abastecedora de agua.<\/span><\/h5>\n<h5><span style=\"font-family: arial,helvetica,sans-serif;\">Dentro incluye carrete met\u00e1lico, manguera, v\u00e1lvula y lanza boquilla, extintores, hacha. Este se presenta como un sistema eficaz para la protecci\u00f3n contra el fuego de f\u00e1cil manipulaci\u00f3n que puede ser utilizado por los empleados de una empresa en la etapa inicial de un incendio.<\/span><\/h5>\n<h5><span style=\"font-family: arial,helvetica,sans-serif;\">Contiene:<\/span><\/h5>\n<h5>\n<span style=\"font-family: arial,helvetica,sans-serif;\"> 1 Soporte de canastilla<\/span><br \/>\n<span style=\"font-family: arial,helvetica,sans-serif;\"> 1 Llave spaner cromada<\/span><br \/>\n<span style=\"font-family: arial,helvetica,sans-serif;\"> 1 V\u00e1lvula tipo globo 1* \u00bd Bronce<\/span><br \/>\n<span style=\"font-family: arial,helvetica,sans-serif;\"> 1 Hacha pico<\/span><br \/>\n<span style=\"font-family: arial,helvetica,sans-serif;\"> 1 Manguera sencilla 1 \u00bd * 100 Blanca<\/span><br \/>\n<span style=\"font-family: arial,helvetica,sans-serif;\"> 1 Boquilla de chorro y niebla en policarbonato<\/span><br \/>\n<span style=\"font-family: arial,helvetica,sans-serif;\"> 1 Extintor de 10 lbs. P.Q.S ABC<\/span><\/h5>\n","protected":false},"excerpt":{"rendered":"<p>Los gabinetes contra incendio son cajones fabricados en l\u00e1mina, con cerradura y llave, con una o dos v\u00e1lvulas de salida. Es un equipo para controlar un incendio, adosado a la pared y conectado a la red de agua abastecedora de agua. Dentro incluye carrete met\u00e1lico, manguera, v\u00e1lvula y lanza boquilla, extintores, hacha. Este se presenta<\/p>\n<p><a href=\"https:\/\/rycenergy.com\/?page_id=1139\" class=\"more-link themebutton\">Leer m\u00e1s<\/a><\/p>\n","protected":false},"author":1,"featured_media":0,"parent":0,"menu_order":0,"comment_status":"closed","ping_status":"closed","template":"","meta":{"footnotes":""},"class_list":["post-1139","page","type-page","status-publish","hentry"],"_links":{"self":[{"href":"https:\/\/rycenergy.com\/index.php?rest_route=\/wp\/v2\/pages\/1139","targetHints":{"allow":["GET"]}}],"collection":[{"href":"https:\/\/rycenergy.com\/index.php?rest_route=\/wp\/v2\/pages"}],"about":[{"href":"https:\/\/rycenergy.com\/index.php?rest_route=\/wp\/v2\/types\/page"}],"author":[{"embeddable":true,"href":"https:\/\/rycenergy.com\/index.php?rest_route=\/wp\/v2\/users\/1"}],"replies":[{"embeddable":true,"href":"https:\/\/rycenergy.com\/index.php?rest_route=%2Fwp%2Fv2%2Fcomments&post=1139"}],"version-history":[{"count":9,"href":"https:\/\/rycenergy.com\/index.php?rest_route=\/wp\/v2\/pages\/1139\/revisions"}],"predecessor-version":[{"id":1340,"href":"https:\/\/rycenergy.com\/index.php?rest_route=\/wp\/v2\/pages\/1139\/revisions\/1340"}],"wp:attachment":[{"href":"https:\/\/rycenergy.com\/index.php?rest_route=%2Fwp%2Fv2%2Fmedia&parent=1139"}],"curies":[{"name":"wp","href":"https:\/\/api.w.org\/{rel}","templated":true}]}}