{"id":580,"date":"2015-02-14T03:52:55","date_gmt":"2015-02-14T03:52:55","guid":{"rendered":"http:\/\/rycenergy.com\/?page_id=580"},"modified":"2017-03-02T20:45:41","modified_gmt":"2017-03-02T20:45:41","slug":"proteccion-de-circuitos-electricos","status":"publish","type":"page","link":"https:\/\/rycenergy.com\/?page_id=580","title":{"rendered":"UPS"},"content":{"rendered":"<p>&nbsp;<\/p>\n<h5><a href=\"http:\/\/rycenergy.com\/wp-content\/uploads\/2015\/02\/UPS.png\"><img loading=\"lazy\" decoding=\"async\" class=\"size-full wp-image-1286 aligncenter\" src=\"http:\/\/rycenergy.com\/wp-content\/uploads\/2015\/02\/UPS.png\" alt=\"\" width=\"176\" height=\"249\" \/><\/a><\/h5>\n<h5>Ofrecemos\u00a0 UPS, comerciales, institucionales e industrales.<\/h5>\n<h5>\u2022L\u00ednea de dise\u00f1o interactivo.<\/h5>\n<h5>\u2022Tecnolog\u00eda AVR con transformador Toroidal.<\/h5>\n<h5>\u2022Control de Microprocesador.<\/h5>\n<h5>\u2022Protecci\u00f3n de picos de corrientes y Regulaci\u00f3n de Voltaje<\/h5>\n<p>&nbsp;<\/p>\n<h5 style=\"text-align: justify;\">Este artefacto es una fuente de energ\u00eda el\u00e9ctrica que suministra o abastece al computador, est\u00e1 contiene una bater\u00eda que seguir\u00e1 emergiendo electricidad en el caso que haya un corte de luz o un problema el\u00e9ctrico en la infraestructura. El UPS dar\u00e1 energ\u00eda \u00a0por unos minutos m\u00e1s para que el trabajador tenga el tiempo necesario para guardar archivos de importancia y apagar el ordenador de la correcta forma.<\/h5>\n<h5 style=\"text-align: justify;\">El UPS es una sigla que ingl\u00e9s significa \u201cUninterruptible Power Supply\u201d y el significado en espa\u00f1ol es \u201cSistema de Alimentaci\u00f3n ininterrumpida (SAI)\u201d. Algunos de estos UPS est\u00e1n dise\u00f1ados para hacer labores autom\u00e1ticas, como por ejemplo actuar de forma inmediata cuando haya un corte de electricidad y el usuario o trabajador no se encuentre en el \u00e1rea.<\/h5>\n<h5 style=\"text-align: justify;\">Pastes comunes de un UPS:<\/h5>\n<ul style=\"text-align: justify;\">\n<li>\n<h5>El Rectificador: Este est\u00e1 encargado de revisar la corriente alterna que entra al UPS y luego provee de corriente continua a la bater\u00eda para que se mantenga cargada.<\/h5>\n<\/li>\n<li>\n<h5>La Bater\u00eda: Esta parte tiene como funci\u00f3n ser la suministradora de energ\u00eda al ordenador en caso de un corte el\u00e9ctrico, el tiempo de duraci\u00f3n para mantener el equipo encendido depende de la capacidad de la bater\u00eda de almacenaje.<\/h5>\n<\/li>\n<li>\n<h5>El inversor: Esta encargada de transformar corriente continua en corriente alterna, donde esta alimenta\u00a0 a artefactos que est\u00e1n conectados a la salida de la UPS.<\/h5>\n<\/li>\n<li>\n<h5>El Conmutador: Esta es de dos posiciones, donde nos autoriza conectar la salida con la entrada del artefacto o con la salida de inversor.<\/h5>\n<\/li>\n<\/ul>\n<h5 style=\"text-align: justify;\">Clasificaci\u00f3n de los UPS:<\/h5>\n<ul style=\"text-align: justify;\">\n<li>\n<h5>SPS: Est\u00e1 encargada de revisar la energ\u00eda que entra, pero si esta detecta problemas en la entrada de energ\u00eda, autom\u00e1ticamente cambia a suministrar energ\u00eda pero por medio de la bater\u00eda. El tiempo de cambio de suministraci\u00f3n el\u00e9ctrica externa a la bater\u00eda es demasiado r\u00e1pido, se podr\u00eda decir que en milisegundos se realiza el cambio.<\/h5>\n<\/li>\n<li>\n<h5>UPS on-line: Esta clasificaci\u00f3n evita que ese corto lapso de tiempo entre cambio de energ\u00eda externa a bater\u00eda sea interrumpido, siempre est\u00e1 proveyendo de electricidad al inversor para evitar el corte de alimentaci\u00f3n de energ\u00eda al ordenador.<\/h5>\n<\/li>\n<\/ul>\n<h5 style=\"text-align: justify;\">El uso de este artificio en las compa\u00f1\u00edas o en el hogar evita da\u00f1ar partes internas del computador, pero no solo eso, tambi\u00e9n evita perder archivos o informaci\u00f3n valiosa tanto para la empresa como para el uso dom\u00e9stico, adem\u00e1s ayuda a preservar la vida \u00fatil del computador, por estos motivos es recomendable hacer uso de este.<\/h5>\n","protected":false},"excerpt":{"rendered":"<p>&nbsp; Ofrecemos\u00a0 UPS, comerciales, institucionales e industrales. \u2022L\u00ednea de dise\u00f1o interactivo. \u2022Tecnolog\u00eda AVR con transformador Toroidal. \u2022Control de Microprocesador. \u2022Protecci\u00f3n de picos de corrientes y Regulaci\u00f3n de Voltaje &nbsp; Este artefacto es una fuente de energ\u00eda el\u00e9ctrica que suministra o abastece al computador, est\u00e1 contiene una bater\u00eda que seguir\u00e1 emergiendo electricidad en el caso que<\/p>\n<p><a href=\"https:\/\/rycenergy.com\/?page_id=580\" class=\"more-link themebutton\">Leer m\u00e1s<\/a><\/p>\n","protected":false},"author":1,"featured_media":0,"parent":0,"menu_order":0,"comment_status":"closed","ping_status":"closed","template":"","meta":{"footnotes":""},"class_list":["post-580","page","type-page","status-publish","hentry"],"_links":{"self":[{"href":"https:\/\/rycenergy.com\/index.php?rest_route=\/wp\/v2\/pages\/580","targetHints":{"allow":["GET"]}}],"collection":[{"href":"https:\/\/rycenergy.com\/index.php?rest_route=\/wp\/v2\/pages"}],"about":[{"href":"https:\/\/rycenergy.com\/index.php?rest_route=\/wp\/v2\/types\/page"}],"author":[{"embeddable":true,"href":"https:\/\/rycenergy.com\/index.php?rest_route=\/wp\/v2\/users\/1"}],"replies":[{"embeddable":true,"href":"https:\/\/rycenergy.com\/index.php?rest_route=%2Fwp%2Fv2%2Fcomments&post=580"}],"version-history":[{"count":7,"href":"https:\/\/rycenergy.com\/index.php?rest_route=\/wp\/v2\/pages\/580\/revisions"}],"predecessor-version":[{"id":1287,"href":"https:\/\/rycenergy.com\/index.php?rest_route=\/wp\/v2\/pages\/580\/revisions\/1287"}],"wp:attachment":[{"href":"https:\/\/rycenergy.com\/index.php?rest_route=%2Fwp%2Fv2%2Fmedia&parent=580"}],"curies":[{"name":"wp","href":"https:\/\/api.w.org\/{rel}","templated":true}]}}