{"id":83,"date":"2015-01-19T23:30:45","date_gmt":"2015-01-19T23:30:45","guid":{"rendered":"http:\/\/rycenergy.com\/?page_id=83"},"modified":"2017-03-02T20:41:49","modified_gmt":"2017-03-02T20:41:49","slug":"monofasicos","status":"publish","type":"page","link":"https:\/\/rycenergy.com\/?page_id=83","title":{"rendered":"Pad Mounted (Pedestal)"},"content":{"rendered":"<p><a href=\"http:\/\/rycenergy.com\/wp-content\/uploads\/2015\/01\/pad_cerrado.png\"><img loading=\"lazy\" decoding=\"async\" class=\"size-medium wp-image-1281 alignleft\" src=\"http:\/\/rycenergy.com\/wp-content\/uploads\/2015\/01\/pad_cerrado-300x242.png\" alt=\"\" width=\"300\" height=\"242\" \/><\/a><a href=\"http:\/\/rycenergy.com\/wp-content\/uploads\/2015\/01\/Pad.png\"><img loading=\"lazy\" decoding=\"async\" class=\"wp-image-854 alignright\" src=\"http:\/\/rycenergy.com\/wp-content\/uploads\/2015\/01\/Pad-300x197.png\" alt=\"Pad\" width=\"352\" height=\"231\" srcset=\"https:\/\/rycenergy.com\/wp-content\/uploads\/2015\/01\/Pad-300x197.png 300w, https:\/\/rycenergy.com\/wp-content\/uploads\/2015\/01\/Pad.png 532w\" sizes=\"auto, (max-width: 352px) 100vw, 352px\" \/><\/a><\/p>\n<p>&nbsp;<\/p>\n<p>&nbsp;<\/p>\n<p>&nbsp;<\/p>\n<h5><\/h5>\n<h5><\/h5>\n<h5><\/h5>\n<h5>Los transformadores tipo pedestal para sistemas de distribuci\u00f3n subterr\u00e1neos est\u00e1 dise\u00f1ado para instalaci\u00f3n exterior o interior de frente muerto<\/h5>\n<h5>Se utilizan en:<\/h5>\n<ul>\n<li>\n<h5>Edificios de oficinas y\/o residenciales<\/h5>\n<\/li>\n<li>\n<h5>Comerciales<\/h5>\n<\/li>\n<li>\n<h5>Institucional<\/h5>\n<\/li>\n<li>\n<h5>Peque\u00f1a mediana industria con el concepto de subestaciones compactas<\/h5>\n<\/li>\n<\/ul>\n<h5><\/h5>\n<h5>Nuestros transformadores los puede encontrar<\/h5>\n<ul>\n<li>\n<h5>Trif\u00e1sicos y\/o monof\u00e1sico<\/h5>\n<\/li>\n<li>\n<h5>Potencia desde 30 a 1000 kVA para trif\u00e1sicos<\/h5>\n<\/li>\n<li>\n<h5>Potencia desde 15 a 300 kVA<\/h5>\n<\/li>\n<li>\n<h5>Fabricados seg\u00fan normas ANSI NTC 5074 y RETIE<\/h5>\n<\/li>\n<\/ul>\n<h5><\/h5>\n<h5>Poseen elementos propios que protegen el equipo de<\/h5>\n<ul>\n<li>\n<h5>Fallas en la red secundaria y sobrecargas extremas mediante fusibles Bay o net<\/h5>\n<\/li>\n<li>\n<h5>Fallas por sobretensi\u00f3n primaria mediante descargadores de sobretensi\u00f3n<\/h5>\n<\/li>\n<li>\n<h5>Protege a la red primaria de fallas de alta corriente en los bobinados mediante fusibles limitadores<\/h5>\n<\/li>\n<\/ul>\n","protected":false},"excerpt":{"rendered":"<p>&nbsp; &nbsp; &nbsp; Los transformadores tipo pedestal para sistemas de distribuci\u00f3n subterr\u00e1neos est\u00e1 dise\u00f1ado para instalaci\u00f3n exterior o interior de frente muerto Se utilizan en: Edificios de oficinas y\/o residenciales Comerciales Institucional Peque\u00f1a mediana industria con el concepto de subestaciones compactas Nuestros transformadores los puede encontrar Trif\u00e1sicos y\/o monof\u00e1sico Potencia desde 30 a 1000 kVA<\/p>\n<p><a href=\"https:\/\/rycenergy.com\/?page_id=83\" class=\"more-link themebutton\">Leer m\u00e1s<\/a><\/p>\n","protected":false},"author":1,"featured_media":0,"parent":0,"menu_order":0,"comment_status":"closed","ping_status":"closed","template":"","meta":{"footnotes":""},"class_list":["post-83","page","type-page","status-publish","hentry"],"_links":{"self":[{"href":"https:\/\/rycenergy.com\/index.php?rest_route=\/wp\/v2\/pages\/83","targetHints":{"allow":["GET"]}}],"collection":[{"href":"https:\/\/rycenergy.com\/index.php?rest_route=\/wp\/v2\/pages"}],"about":[{"href":"https:\/\/rycenergy.com\/index.php?rest_route=\/wp\/v2\/types\/page"}],"author":[{"embeddable":true,"href":"https:\/\/rycenergy.com\/index.php?rest_route=\/wp\/v2\/users\/1"}],"replies":[{"embeddable":true,"href":"https:\/\/rycenergy.com\/index.php?rest_route=%2Fwp%2Fv2%2Fcomments&post=83"}],"version-history":[{"count":26,"href":"https:\/\/rycenergy.com\/index.php?rest_route=\/wp\/v2\/pages\/83\/revisions"}],"predecessor-version":[{"id":1282,"href":"https:\/\/rycenergy.com\/index.php?rest_route=\/wp\/v2\/pages\/83\/revisions\/1282"}],"wp:attachment":[{"href":"https:\/\/rycenergy.com\/index.php?rest_route=%2Fwp%2Fv2%2Fmedia&parent=83"}],"curies":[{"name":"wp","href":"https:\/\/api.w.org\/{rel}","templated":true}]}}