{"id":902,"date":"2016-07-20T21:30:34","date_gmt":"2016-07-20T21:30:34","guid":{"rendered":"http:\/\/rycenergy.com\/?page_id=902"},"modified":"2017-02-15T23:46:39","modified_gmt":"2017-02-15T23:46:39","slug":"instalaciones-hidro-sanitarias","status":"publish","type":"page","link":"https:\/\/rycenergy.com\/?page_id=902","title":{"rendered":"Instalaciones Hidro &#038; Sanitarias"},"content":{"rendered":"<p>&nbsp;<\/p>\n<p><a href=\"http:\/\/rycenergy.com\/wp-content\/uploads\/2016\/07\/hidrosanitaria-320x320.jpg\"><img loading=\"lazy\" decoding=\"async\" class=\"size-medium wp-image-1258 aligncenter\" src=\"http:\/\/rycenergy.com\/wp-content\/uploads\/2016\/07\/hidrosanitaria-320x320-300x300.jpg\" alt=\"\" width=\"300\" height=\"300\" srcset=\"https:\/\/rycenergy.com\/wp-content\/uploads\/2016\/07\/hidrosanitaria-320x320-300x300.jpg 300w, https:\/\/rycenergy.com\/wp-content\/uploads\/2016\/07\/hidrosanitaria-320x320-150x150.jpg 150w, https:\/\/rycenergy.com\/wp-content\/uploads\/2016\/07\/hidrosanitaria-320x320.jpg 320w, https:\/\/rycenergy.com\/wp-content\/uploads\/2016\/07\/hidrosanitaria-320x320-240x240.jpg 240w\" sizes=\"auto, (max-width: 300px) 100vw, 300px\" \/><\/a><\/p>\n<h5 style=\"text-align: justify;\">Las instalaciones hidrosanitarias se utilizan para la distribuci\u00f3n de agua, la canalizaci\u00f3n de desechos o desag\u00fces, las realizamos baja normas que rigen este sector en Colombia como lo es la norma NTC 1500 o c\u00f3digo de fontaner\u00eda. Contamos con personal id\u00f3neo y capacitado para realizar las instalaciones hidrosanitarias siguiendo las especificaciones de dise\u00f1o y de construcci\u00f3n.<\/h5>\n<h5 style=\"text-align: justify;\">Utilizamos materiales de alta calidad para tuber\u00eda de suministro, desag\u00fce y ventilacion, v\u00e1lvulas, registros, medidores.<\/h5>\n","protected":false},"excerpt":{"rendered":"<p>&nbsp; Las instalaciones hidrosanitarias se utilizan para la distribuci\u00f3n de agua, la canalizaci\u00f3n de desechos o desag\u00fces, las realizamos baja normas que rigen este sector en Colombia como lo es la norma NTC 1500 o c\u00f3digo de fontaner\u00eda. Contamos con personal id\u00f3neo y capacitado para realizar las instalaciones hidrosanitarias siguiendo las especificaciones de dise\u00f1o y<\/p>\n<p><a href=\"https:\/\/rycenergy.com\/?page_id=902\" class=\"more-link themebutton\">Leer m\u00e1s<\/a><\/p>\n","protected":false},"author":1,"featured_media":0,"parent":0,"menu_order":0,"comment_status":"closed","ping_status":"closed","template":"","meta":{"footnotes":""},"class_list":["post-902","page","type-page","status-publish","hentry"],"_links":{"self":[{"href":"https:\/\/rycenergy.com\/index.php?rest_route=\/wp\/v2\/pages\/902","targetHints":{"allow":["GET"]}}],"collection":[{"href":"https:\/\/rycenergy.com\/index.php?rest_route=\/wp\/v2\/pages"}],"about":[{"href":"https:\/\/rycenergy.com\/index.php?rest_route=\/wp\/v2\/types\/page"}],"author":[{"embeddable":true,"href":"https:\/\/rycenergy.com\/index.php?rest_route=\/wp\/v2\/users\/1"}],"replies":[{"embeddable":true,"href":"https:\/\/rycenergy.com\/index.php?rest_route=%2Fwp%2Fv2%2Fcomments&post=902"}],"version-history":[{"count":7,"href":"https:\/\/rycenergy.com\/index.php?rest_route=\/wp\/v2\/pages\/902\/revisions"}],"predecessor-version":[{"id":1260,"href":"https:\/\/rycenergy.com\/index.php?rest_route=\/wp\/v2\/pages\/902\/revisions\/1260"}],"wp:attachment":[{"href":"https:\/\/rycenergy.com\/index.php?rest_route=%2Fwp%2Fv2%2Fmedia&parent=902"}],"curies":[{"name":"wp","href":"https:\/\/api.w.org\/{rel}","templated":true}]}}